{"id":29,"date":"2026-02-12T15:26:32","date_gmt":"2026-02-12T15:26:32","guid":{"rendered":"http:\/\/kpbpbdc.cluster100.hosting.ovh.net\/?page_id=29"},"modified":"2026-02-15T15:50:16","modified_gmt":"2026-02-15T15:50:16","slug":"contact","status":"publish","type":"page","link":"https:\/\/tgbois.fr\/index.php\/contact\/","title":{"rendered":"Contact"},"content":{"rendered":"\n<h2 class=\"wp-block-heading has-text-align-center\">Vous avez une envie, un projet ?<\/h2>\n\n\n\n<h2 class=\"wp-block-heading has-text-align-center\">N&rsquo;h\u00e9sitez pas \u00e0 me contacter :<\/h2>\n\n\n\n<div class=\"wp-block-buttons is-content-justification-center is-layout-flex wp-container-core-buttons-is-layout-16018d1d wp-block-buttons-is-layout-flex\">\n<div class=\"wp-block-button\"><a class=\"wp-block-button__link wp-element-button\" href=\"tel:+33681794528\">Par t\u00e9l\u00e9phone en cliquant ici<\/a><\/div>\n<\/div>\n\n\n\n<h2 class=\"wp-block-heading\"><em>Via ce formulaire de contact :<\/em><\/h2>\n\n\n\n<div class=\"wpcf7 no-js\" id=\"wpcf7-f192-o1\" lang=\"fr-FR\" dir=\"ltr\" data-wpcf7-id=\"192\">\n<div class=\"screen-reader-response\"><p role=\"status\" aria-live=\"polite\" aria-atomic=\"true\"><\/p> <ul><\/ul><\/div>\n<form action=\"\/index.php\/wp-json\/wp\/v2\/pages\/29#wpcf7-f192-o1\" method=\"post\" class=\"wpcf7-form init\" aria-label=\"Formulaire de contact\" novalidate=\"novalidate\" data-status=\"init\">\n<fieldset class=\"hidden-fields-container\"><input type=\"hidden\" name=\"_wpcf7\" value=\"192\" \/><input type=\"hidden\" name=\"_wpcf7_version\" value=\"6.1.5\" \/><input type=\"hidden\" name=\"_wpcf7_locale\" value=\"fr_FR\" \/><input type=\"hidden\" name=\"_wpcf7_unit_tag\" value=\"wpcf7-f192-o1\" \/><input type=\"hidden\" name=\"_wpcf7_container_post\" value=\"0\" \/><input type=\"hidden\" name=\"_wpcf7_posted_data_hash\" value=\"\" \/><input type=\"hidden\" name=\"_wpcf7_recaptcha_response\" value=\"\" \/>\n<\/fieldset>\n<p><label> Votre nom *<br \/>\n<span class=\"wpcf7-form-control-wrap\" data-name=\"your-name\"><input size=\"40\" maxlength=\"400\" class=\"wpcf7-form-control wpcf7-text wpcf7-validates-as-required\" aria-required=\"true\" aria-invalid=\"false\" value=\"\" type=\"text\" name=\"your-name\" \/><\/span> <\/label>\n<\/p>\n<p><label> Votre pr\u00e9nom *<br \/>\n<span class=\"wpcf7-form-control-wrap\" data-name=\"your-firstname\"><input size=\"40\" maxlength=\"400\" class=\"wpcf7-form-control wpcf7-text wpcf7-validates-as-required\" aria-required=\"true\" aria-invalid=\"false\" value=\"\" type=\"text\" name=\"your-firstname\" \/><\/span> <\/label>\n<\/p>\n<p><label> Votre email *<br \/>\n<span class=\"wpcf7-form-control-wrap\" data-name=\"your-email\"><input size=\"40\" maxlength=\"400\" class=\"wpcf7-form-control wpcf7-email wpcf7-validates-as-required wpcf7-text wpcf7-validates-as-email\" aria-required=\"true\" aria-invalid=\"false\" value=\"\" type=\"email\" name=\"your-email\" \/><\/span> <\/label>\n<\/p>\n<p><label> Votre t\u00e9l\u00e9phone<br \/>\n<span class=\"wpcf7-form-control-wrap\" data-name=\"your-phone\"><input size=\"40\" maxlength=\"400\" class=\"wpcf7-form-control wpcf7-tel wpcf7-text wpcf7-validates-as-tel\" aria-invalid=\"false\" value=\"\" type=\"tel\" name=\"your-phone\" \/><\/span> <\/label>\n<\/p>\n<p><label> Votre message *<br \/>\n<span class=\"wpcf7-form-control-wrap\" data-name=\"your-message\"><textarea cols=\"40\" rows=\"10\" maxlength=\"2000\" class=\"wpcf7-form-control wpcf7-textarea wpcf7-validates-as-required\" aria-required=\"true\" aria-invalid=\"false\" name=\"your-message\"><\/textarea><\/span> <\/label>\n<\/p>\n<p><input class=\"wpcf7-form-control wpcf7-submit has-spinner\" type=\"submit\" value=\"Envoyer\" \/>\n<\/p><div class=\"wpcf7-response-output\" aria-hidden=\"true\"><\/div>\n<\/form>\n<\/div>\n\n\n\n\n<p class=\"has-text-align-center\"><em>Nous vous recontacterons dans les plus bref d\u00e9lais.<\/em><\/p>\n\n\n\n<hr class=\"wp-block-separator has-alpha-channel-opacity is-style-wide\"\/>\n\n\n\n<h2 class=\"wp-block-heading has-text-align-center\">L&rsquo;atelier se trouve au c\u0153ur du Beaujolais Vert<\/h2>\n\n\n\n<h2 class=\"wp-block-heading has-text-align-center\">sur la commune de <strong>LAMURE SUR AZERGUES<\/strong> (69)<\/h2>\n\n\n\n<p class=\"has-text-align-center has-small-font-size\"><em>\u00e0 25 minutes de VILLEFRANCHE SUR SA\u00d4NE<\/em><\/p>\n\n\n\n<div><iframe src=\"https:\/\/maps.google.com\/maps?q=LAMURE+SUR+AZERGUES&amp;z=11&amp;t=m&amp;output=embed\" style=\"border:0;height:475px;width:100%\"><\/iframe><\/div>\n\n\n\n<p class=\"has-text-align-center\" style=\"font-size:10px\"><em>Ce site est prot\u00e9g\u00e9 par reCAPTCHA et les politiques de confidentialit\u00e9 et conditions d&rsquo;utilisation de Google s&rsquo;appliquent.<\/em><\/p>\n\n\n\n<p class=\"has-text-align-center\" style=\"font-size:10px\"><a href=\"https:\/\/policies.google.com\/privacy\">https:\/\/policies.google.com\/privacy<\/a><\/p>\n\n\n\n<p class=\"has-text-align-center\" style=\"font-size:10px\"><a href=\"https:\/\/policies.google.com\/terms\">https:\/\/policies.google.com\/terms<\/a><\/p>\n","protected":false},"excerpt":{"rendered":"<p>Vous avez une envie, un projet ? N&rsquo;h\u00e9sitez pas \u00e0 me contacter : Via ce formulaire de contact : Nous vous recontacterons dans les plus bref d\u00e9lais. L&rsquo;atelier se trouve au c\u0153ur du Beaujolais Vert sur la commune de LAMURE SUR AZERGUES (69) \u00e0 25 minutes de VILLEFRANCHE SUR SA\u00d4NE Ce site est prot\u00e9g\u00e9 par &hellip; <\/p>\n<p class=\"link-more\"><a href=\"https:\/\/tgbois.fr\/index.php\/contact\/\" class=\"more-link\">Continuer la lecture<span class=\"screen-reader-text\"> de &laquo;&nbsp;Contact&nbsp;&raquo;<\/span><\/a><\/p>\n","protected":false},"author":1,"featured_media":0,"parent":0,"menu_order":0,"comment_status":"closed","ping_status":"closed","template":"","meta":{"footnotes":""},"class_list":["post-29","page","type-page","status-publish","hentry"],"_links":{"self":[{"href":"https:\/\/tgbois.fr\/index.php\/wp-json\/wp\/v2\/pages\/29","targetHints":{"allow":["GET"]}}],"collection":[{"href":"https:\/\/tgbois.fr\/index.php\/wp-json\/wp\/v2\/pages"}],"about":[{"href":"https:\/\/tgbois.fr\/index.php\/wp-json\/wp\/v2\/types\/page"}],"author":[{"embeddable":true,"href":"https:\/\/tgbois.fr\/index.php\/wp-json\/wp\/v2\/users\/1"}],"replies":[{"embeddable":true,"href":"https:\/\/tgbois.fr\/index.php\/wp-json\/wp\/v2\/comments?post=29"}],"version-history":[{"count":11,"href":"https:\/\/tgbois.fr\/index.php\/wp-json\/wp\/v2\/pages\/29\/revisions"}],"predecessor-version":[{"id":569,"href":"https:\/\/tgbois.fr\/index.php\/wp-json\/wp\/v2\/pages\/29\/revisions\/569"}],"wp:attachment":[{"href":"https:\/\/tgbois.fr\/index.php\/wp-json\/wp\/v2\/media?parent=29"}],"curies":[{"name":"wp","href":"https:\/\/api.w.org\/{rel}","templated":true}]}}